?
False
Is 180 a factor of 12060?
True
Is 57 a factor of 1140?
True
Is 44 a factor of 8663?
False
Does 16 divide 397?
False
Is 13 a factor of 3364?
False
Is 23 a factor of 736?
True
Does 57 divide 833?
False
Is 14 a factor of 678?
False
Is 5464 a multiple of 4?
True
Is 30 a factor of 4611?
False
Does 202 divide 73231?
False
Is 11 a factor of 737?
True
Does 63 divide 11970?
True
Does 19 divide 21544?
False
Is 220 a multiple of 55?
True
Is 8292 a multiple of 12?
True
Does 11 divide 1018?
False
Does 76 divide 5083?
False
Is 4701 a multiple of 45?
False
Is 1024 a multiple of 64?
True
Does 33 divide 12969?
True
Is 71734 a multiple of 26?
True
Does 37 divide 634?
False
Does 8 divide 176?
True
Does 32 divide 243?
False
Is 63 a factor of 1134?
True
Is 2150 a multiple of 25?
True
Is 294 a factor of 7486?
False
Is 117921 a multiple of 23?
True
Is 1190 a multiple of 16?
False
Does 33 divide 297?
True
Is 94 a multiple of 10?
False
Does 10 divide 270?
True
Does 14 divide 64218?
True
Is 297 a multiple of 3?
True
Does 69 divide 1587?
True
Is 643 a multiple of 18?
False
Is 8 a factor of 1070?
False
Does 25 divide 1834?
False
Is 175 a factor of 64385?
False
Is 455 a multiple of 7?
True
Is 36 a multiple of 4?
True
Is 119 a multiple of 13?
False
Does 105 divide 3872?
False
Is 64156 a multiple of 115?
False
Does 253 divide 24035?
True
Does 4 divide 370?
False
Is 51 a factor of 867?
True
Does 34 divide 1836?
True
Is 663 a multiple of 39?
True
Is 322 a multiple of 7?
True
Does 106 divide 1166?
True
Does 18 divide 216?
True
Is 9044 a multiple of 133?
True
Does 6 divide 5372?
False
Is 27842 a multiple of 85?
False
Is 80 a factor of 127?
False
Is 72887 a multiple of 26?
False
Is 862 a multiple of 67?
False
Is 6 a factor of 178?
False
Is 5616 a multiple of 8?
True
Is 2343 a multiple of 11?
True
Does 96 divide 2451?
False
Does 58 divide 28478?
True
Is 26 a factor of 3572?
False
Does 96 divide 25632?
True
Is 1322 a multiple of 51?
False
Is 25063 a multiple of 11?
False
Does 27 divide 17233?
False
Is 2 a factor of 39?
False
Is 972 a multiple of 9?
True
Does 6 divide 280?
False
Is 131 a multiple of 6?
False
Does 2 divide 22?
True
Is 5 a factor of 5?
True
Is 29200 a multiple of 44?
False
Is 10 a factor of 3095?
False
Is 5 a factor of 1590?
True
Is 56550 a multiple of 39?
True
Does 20 divide 520?
True
Is 166 a multiple of 3?
False
Does 47 divide 611?
True
Is 23 a factor of 77?
False
Is 276 a factor of 6348?
True
Does 5 divide 240?
True
Is 11 a factor of 3165?
False
Is 3 a factor of 144?
True
Is 14 a factor of 8643?
False
Is 9 a factor of 16326?
True
Does 44 divide 616?
True
Is 90 a factor of 27000?
True
Is 1896 a multiple of 10?
False
Does 7 divide 413?
True
Is 301 a multiple of 3?
False
Is 19 a factor of 4465?
True
Is 962 a multiple of 32?
False
Is 134 a factor of 82507?
False
Is 100591 a multiple of 18?
False
Is 7 a factor of 1393?
True
Is 287 a multiple of 27?
False
Is 4768 a multiple of 8?
True
Is 104 a multiple of 4?
True
Is 2 a factor of 5?
False
Is 1055 a multiple of 17?
False
Does 60 divide 1680?
True
Does 10 divide 1890?
True
Does 28 divide 1988?
True
Does 72 divide 52090?
False
Is 69 a factor of 237?
False
Is 11 a factor of 2210?
False
Is 1650 a multiple of 35?
False
Is 1660 a multiple of 3?
False
Is 128 a multiple of 8?
True
Is 157 a factor of 7775?
False
Is 197 a factor of 98204?
False
Does 20 divide 380?
True
Is 26 a factor of 655?
False
Does 3 divide 245?
False
Is 503 a multiple of 42?
False
Is 572 a multiple of 44?
True
Is 91364 a multiple of 13?
True
Does 30 divide 60?
True
Is 570 a multiple of 64?
False
Does 18 divide 1078?
False
Is 162 a multiple of 7?
False
Is 3 a factor of 2914?
False
Is 1363 a multiple of 46?
False
Is 17324 a multiple of 23?
False
Does 28 divide 1568?
True
Does 10 divide 250?
True
Is 285 a multiple of 95?
True
Does 19 divide 52136?
True
Does 32 divide 12276?
False
Does 15 divide 9951?
False
Is 12 a factor of 1363?
False
Is 243 a multiple of 81?
True
Does 15 divide 698?
False
Does 123 divide 1845?
True
Does 30 divide 2730?
True
Is 1295 a multiple of 220?
False
Does 21 divide 2776?
False
Is 70 a factor of 1260?
True
Is 14 a factor of 248?
False
Is 3 a factor of 452?
False
Is 65114 a multiple of 58?
False
Is 1113 a multiple of 57?
False
Is 78 a factor of 91652?
False
Does 2 divide 3293?
False
Is 5 a multiple of 5?
True
Does 21 divide 195?
False
Is 35 a factor of 12005?
True
Does 8 divide 3725?
False
Is 1223 a multiple of 65?
False
Is 74 a factor of 1697?
False
Is 3382 a multiple of 19?
True
Is 2224 a multiple of 8?
True
Does 7 divide 847?
True
Is 544 a multiple of 4?
True
Is 14 a factor of 476?
True
Is 17 a factor of 1528?
False
Does 49 divide 784?
True
Is 6 a factor of 1299?
False
Is 5 a factor of 670?
True
Is 14 a factor of 1820?
True
Does 43 divide 7310?
True
Is 18737 a multiple of 8?
False
Is 2 a factor of 453?
False
Is 12376 a multiple of 35?
False
Is 54 a factor of 827?
False
Is 18 a factor of 2792?
False
Is 15 a factor of 3570?
True
Is 2301 a multiple of 177?
True
Is 2 a factor of 50?
True
Is 7 a factor of 336?
True
Is 70 a factor of 9800?
True
Is 2328 a multiple of 23?
False
Does 60 divide 8936?
False
Is 3 a factor of 624?
True
Is 14 a factor of 587?
False
Is 3574 a multiple of 15?
False
Is 13 a factor of 2327?
True
Does 88 divide 5112?
False
Is 27 a factor of 8505?
True
Is 10341 a multiple of 19?
False
Is 47 a factor of 20350?
False
Is 41109 a multiple of 193?
True
Is 21930 a multiple of 43?
True
Does 12 divide 4231?
False
Does 25 divide 500?
True
Is 596 a multiple of 8?
False
Does 12 divide 600?
True
Does 16 divide 64?
True
Does 5 divide 2456?
False
Does 15 divide 390?
True
Does 3 divide 84?
True
Is 67673 a multiple of 18?
False
Is 137 a factor of 20276?
True
Is 67 a factor of 2813?
False
Does 12 divide 276?
True
Does 108 divide 22021?
False
Is 434 a multiple of 62?
True
Does 21 divide 140?
False
Is 19 a factor of 2026?
False
Does 109 divide 3389?
False
Is 234 a multiple of 13?
True
Is 2645 even?
False
Does 2 divide 8?
True
Is 420 a multiple of 21?
True
Is 984 a multiple of 39?
False
Is 5558 a multiple of 4?
False
Is 846 a multiple of 83?
False
Does 73 divide 32631?
True
Is 23 a factor of 485?
False
Does 28 divide 1848?
True
Is 1313 a multiple of 13?
True
Does 18 divide 24030?
True
Is 81 a factor of 648?
True
Does 90 divide 6855?
False
Is 1263 a multiple of 3?
True
Is 22703 a multiple of 18?
False
Does 16 divide 306?
False
Does 16 divide 800?
True
Is 1254 a multiple of 6?
True
Does 22 divide 752?
False
Does 97 divide 1164?
True
Is 94 a factor of 15542?
False
Is 2398 a multiple of 11?
True
Is 8 a factor of 4312?
True
Does 18 divide 1422?
True
Does 26 divide 270?
False
Does 17 divide 1139?
True
Is 84 a factor of 10945?
False
Does 18 divide 4626?
True
Does 53 divide 4237?
False
Is 936 a multiple of 26?
True
Is 7 a factor of 3885?
True
Is 5655 a multiple of 8?
False
Does 8 divide 1538?
False
Does 14 divide 21714?
True
Is 14 a factor of 1550?
False
Is 639 a multiple of 11?
False
Is 12 a factor of 9012?
True
Is 8 a factor of 312?
True
Is 19 a factor of 76?
True
Does 56 divide 496?
False
Is 2080 a multiple of 104?
True
Is 16443 a multiple of 31?
False
Is 8580 a multiple of 66?
True
Is 39 a multiple of 39?
True
Does 20 divide 31?
False
Is 131 a multiple of 10?
False
Is 15220 a multiple of 182?
False
Is 9579 a multiple of 172?
False
Is 31 a factor of 4185?
True
Is 12 a factor of 2819?
False
Is 1912 a multiple of 26?
False
Does 11 divide 3839?
True
Is 26 a factor of 4628?
True
Does 16 divide 12160?
True
Is 2629 a multiple of 3?
False
Is 42 a factor of 23856?
True
Is 48 a factor of 10256?
False
Does 59 divide 2891?
True
Is 1113 a multiple of 7?
True
Is 1185 a multiple of 51?
False
Does 243 divide 15066?
True
Does 15 divide 26089?
False
Is 6884 a multiple of 111?
False
Does 14 divide 299?
False
Is 12 a factor of 3402?
False
Does 7 divide 392?
True
Does 31 divide 2730?
False
Does 181 divide 2987?
False
Does 16 divide 5209?
False
Is 62 a multiple of 11?
False
Is 25 a factor of 625?
True
Is 11 a factor of 341?
True
Is 432 a multiple of 3?
True
Is 1756 a multiple of 4?
True
Is 1774 a multiple of 15?
False
Does 25 divide 11125?
True
Is 2913 a multiple of 75?
False
Is 11 a factor of 19987?
True
Does 54 divide 1998?
True
Is 12 a factor of 33768